{"id":72,"date":"2017-03-14T19:17:32","date_gmt":"2017-03-14T18:17:32","guid":{"rendered":"http:\/\/weltladen-pueblo.de\/?page_id=72"},"modified":"2017-03-15T16:00:13","modified_gmt":"2017-03-15T15:00:13","slug":"globale-partner","status":"publish","type":"page","link":"https:\/\/weltladen-pueblo.de\/?page_id=72","title":{"rendered":"Globale Partner"},"content":{"rendered":"<figure id=\"attachment_64\" aria-describedby=\"caption-attachment-64\" style=\"width: 300px\" class=\"wp-caption alignright\"><img decoding=\"async\" loading=\"lazy\" class=\"size-medium wp-image-64\" src=\"http:\/\/weltladen-pueblo.de\/wp-content\/uploads\/2017\/03\/Apfel-300x140.jpg\" alt=\"Apfel\" width=\"300\" height=\"140\" srcset=\"https:\/\/weltladen-pueblo.de\/wp-content\/uploads\/2017\/03\/Apfel-300x140.jpg 300w, https:\/\/weltladen-pueblo.de\/wp-content\/uploads\/2017\/03\/Apfel.jpg 600w\" sizes=\"(max-width: 300px) 100vw, 300px\" \/><figcaption id=\"caption-attachment-64\" class=\"wp-caption-text\">Apfel<\/figcaption><\/figure>\n<p>Die Weltl\u00e4den beziehen ihre Produkte \u00fcber Importorganisationen, die 100%-igen fairen Handel betreiben. Weltl\u00e4den, Importeure und Produzent(inn)en orientieren sich an vergleichbaren Kriterien:<\/p>\n<ul>\n<li>Sozial- und Umweltvertr\u00e4glichkeit<\/li>\n<li>Demokratische Strukturen<\/li>\n<li>Not-Profit-Orientierung<\/li>\n<li>Kontinuit\u00e4t<\/li>\n<li>Informations- und Bildungsarbeit<\/li>\n<\/ul>\n<p>Wenn Sie N\u00e4heres \u00fcber Produktionsbedingungen, Handelswege und Preisgestaltung wissen m\u00f6chten: Fragen Sie! Offenheit und Transparenz geh\u00f6ren zu den Grundprinzipien des Fairen Handels.<\/p>\n<p>In der internationalen Zusammenarbeit sind gerade diese Prinzipien Ausnahmen und so haben sich in den letzten Jahrzehnten belastbare Partnerschaften entwickelt.<\/p>\n<p>Weltl\u00e4den m\u00fcssen heute nicht \u00fcber Nachhaltigkeit, Umweltvertr\u00e4glichkeit und ethische Standarts nachdenken \u2013 sie handeln danach, und das schon seit \u00fcber 30 Jahren.<\/p>\n","protected":false},"excerpt":{"rendered":"<p>Die Weltl\u00e4den beziehen ihre Produkte \u00fcber Importorganisationen, die 100%-igen fairen Handel betreiben. Weltl\u00e4den, Importeure und Produzent(inn)en orientieren sich an vergleichbaren Kriterien: Sozial- und Umweltvertr\u00e4glichkeit Demokratische Strukturen Not-Profit-Orientierung Kontinuit\u00e4t Informations- und Bildungsarbeit Wenn Sie N\u00e4heres \u00fcber Produktionsbedingungen, Handelswege und Preisgestaltung wissen m\u00f6chten: Fragen Sie! Offenheit und Transparenz geh\u00f6ren zu den Grundprinzipien [&hellip;]<\/p>\n","protected":false},"author":1,"featured_media":0,"parent":68,"menu_order":0,"comment_status":"closed","ping_status":"closed","template":"","meta":[],"_links":{"self":[{"href":"https:\/\/weltladen-pueblo.de\/index.php?rest_route=\/wp\/v2\/pages\/72"}],"collection":[{"href":"https:\/\/weltladen-pueblo.de\/index.php?rest_route=\/wp\/v2\/pages"}],"about":[{"href":"https:\/\/weltladen-pueblo.de\/index.php?rest_route=\/wp\/v2\/types\/page"}],"author":[{"embeddable":true,"href":"https:\/\/weltladen-pueblo.de\/index.php?rest_route=\/wp\/v2\/users\/1"}],"replies":[{"embeddable":true,"href":"https:\/\/weltladen-pueblo.de\/index.php?rest_route=%2Fwp%2Fv2%2Fcomments&post=72"}],"version-history":[{"count":2,"href":"https:\/\/weltladen-pueblo.de\/index.php?rest_route=\/wp\/v2\/pages\/72\/revisions"}],"predecessor-version":[{"id":75,"href":"https:\/\/weltladen-pueblo.de\/index.php?rest_route=\/wp\/v2\/pages\/72\/revisions\/75"}],"up":[{"embeddable":true,"href":"https:\/\/weltladen-pueblo.de\/index.php?rest_route=\/wp\/v2\/pages\/68"}],"wp:attachment":[{"href":"https:\/\/weltladen-pueblo.de\/index.php?rest_route=%2Fwp%2Fv2%2Fmedia&parent=72"}],"curies":[{"name":"wp","href":"https:\/\/api.w.org\/{rel}","templated":true}]}}